actor of v and n?
17
Let p(n) = n + 66. Let k be p(0). Let u = 1037 + -1031. Calculate the greatest common divisor of k and u.
6
Let a(z) = z**3 + 8*z**2 - 29*z - 155. Let w be a(-9). Suppose 2*v - 4*v + 350 = 0. Calculate the highest common factor of v and w.
25
Suppose -3*p + 173 = 4*r, -3*p = -2*r - 0*p + 91. Suppose -268 + r = -7*b. What is the greatest common divisor of 24 and b?
8
Suppose -2*u + 140 = 2*p, -2*p + 7*p + 82 = u. Let v = 17 + -4. Let n = -4 + v. What is the greatest common divisor of n and u?
9
Suppose 0 = 11*o - 34*o + 3358. What is the highest common divisor of 2 and o?
2
Suppose -3*u = -v - 122 - 114, 4*v = -u + 96. Calculate the greatest common divisor of 16 and u.
16
Suppose 3*s + 3 = 6*s. Suppose 11 = b + s. Let g = -48 - -128. What is the highest common divisor of g and b?
10
Let p = 27 + -17. Let k(i) = -i + 1. Let a be k(0). Suppose a = 5*o - 19. What is the greatest common divisor of o and p?
2
Suppose -37*t - 3410 = -92*t. Calculate the highest common divisor of t and 4154.
62
Suppose r = -2*r. Suppose r = -0*k + 5*k. Suppose k = -0*g + g - 3*o - 2, -g + 18 = o. Calculate the highest common divisor of g and 42.
14
Suppose 0 = -4*p - 4*b + 308 + 220, 4*p - 549 = 3*b. Calculate the greatest common factor of p and 216.
27
Suppose 18*u = 27*u - 567. Let w = -24 - -60. What is the highest common divisor of u and w?
9
Let s = 4312 + -2391. What is the greatest common divisor of 113 and s?
113
Suppose 2*a - 39 = -r + 55, 3*r = 2*a - 102. What is the greatest common divisor of 60 and a?
12
Suppose 208 = 10*u - 2*u. What is the highest common divisor of 91 and u?
13
Let c(o) = 2*o**3 - 21*o**2 + 14*o + 33. Let k be c(11). Calculate the highest common factor of k and 252.
28
Let x(z) = -10*z + 498. Let i be x(45). What is the greatest common divisor of 40 and i?
8
Suppose -128 = -36*d + 2752. Calculate the highest common divisor of 208 and d.
16
Let b = -217 - -316. Suppose 15*w = 13*w - 8. Let u be (4 - 2)*((-22)/w - 1). Calculate the highest common divisor of b and u.
9
Let n = -313 - -358. Calculate the greatest common factor of n and 15.
15
Let y(x) = 4*x**2 + 13*x - 35. Let m be y(-11). Calculate the highest common divisor of 18 and m.
18
Let n be (-192)/9 + 1/3. Let v be (-561)/(-68)*(4 - 0). Let x = v + n. What is the greatest common factor of x and 24?
12
Let z(t) = -t - 20. Let k be z(-16). Let g = k + 40. What is the greatest common divisor of g and 108?
36
Let a be (-10)/(-45)*-1 + 1244/9. Calculate the highest common divisor of a and 92.
46
Let r(x) = x + 20. Let c be r(-14). Let q = -10 + c. Let l be (-34)/(-4) - q/8. Calculate the highest common factor of l and 45.
9
Suppose -2*v + o + 3713 = 0, 4*o - 2 = 6*o. What is the highest common factor of v and 58?
58
Let r be (-2 + 233)*(4 - 3). Suppose -2*y = -111 - r. Calculate the highest common factor of 19 and y.
19
Let p = 975 - 953. What is the greatest common divisor of p and 176?
22
Let k(g) = 45*g - 161. Let b be k(5). Calculate the highest common factor of 512 and b.
64
Suppose 0 = 18*d - 26*d + 464. What is the greatest common factor of 58 and d?
58
Let u = 15 + 1. Let y be 506/8 - 30/(-40). What is the greatest common factor of y and u?
16
Let o = 15 + -15. Suppose u + 3*u = 2*v - 34, o = -2*v - 4*u + 18. What is the highest common divisor of v and 117?
13
Let v(r) = -r**3 - 2*r**2 - 4*r - 3. Suppose -2*p - 2*p - 24 = -4*z, -4*p - 3*z - 3 = 0. Let a be v(p). Calculate the highest common divisor of a and 6.
6
Suppose -8 = 4*g, 0 = 3*r + 2*g - 5. Let x(t) = t**3 - 4*t + 3. Let n be x(r). Calculate the greatest common divisor of n and 9.
9
Suppose u = -2*q + 44, u + 4*q - 3 = 35. Let w be 14/77 + 460/11. Let l = w - 32. Calculate the greatest common divisor of u and l.
10
Suppose 0 = 5*j - 0*j - 4*v - 19, -2*v - 11 = -3*j. Calculate the greatest common divisor of 33 and j.
3
Let f be (1 - 0)/((-525)/(-50) - 10). Let h(t) = 5*t - 2. Let s be h(2). Calculate the highest common factor of f and s.
2
Suppose 11*i - 633 = 9*i + 5*q, 5*i - 2*q - 1530 = 0. What is the highest common factor of 16 and i?
16
Let b be 0 - -4 - (-25 - -20)*1. Let h be (-26)/(-1) - (-2 - -1). Suppose s - h = -0*s. Calculate the greatest common factor of b and s.
9
Let t be 14/4 - 3 - 19/(-2). Suppose 3*i + t*i - 650 = 0. What is the highest common factor of 20 and i?
10
Let o(u) = -u**2 - 21*u + 14. Let y(g) = 5*g**2 + 84*g - 55. Let h(f) = -9*o(f) - 2*y(f). Let i be h(19). Calculate the greatest common divisor of i and 66.
22
Suppose 8095 + 10665 = 20*j. Calculate the highest common divisor of 14 and j.
14
Suppose -142*c = -157*c + 45. What is the greatest common divisor of c and 159?
3
Let b(u) = -3*u + 27. Let s be b(8). Suppose v + d = 18, -s*d - 79 - 43 = -5*v. What is the highest common factor of 77 and v?
11
Suppose -9 = 4*n - 7*n. Suppose -n*i - l = -6*i + 55, -2*i = -3*l - 25. Let h be (-10)/(-15)*(6 + 0). Calculate the greatest common divisor of h and i.
4
Suppose -109 = -p - 2*b + 14, 2*p - 237 = -b. Calculate the highest common factor of 156 and p.
39
Suppose -97*v + 102*v = 5495. What is the highest common factor of 7 and v?
7
Suppose 2*c + 1434 = 4*v, 5*v - 4*c = 462 + 1338. What is the greatest common factor of v and 89?
89
Suppose 529 + 1655 = 6*b. Calculate the highest common factor of 56 and b.
28
Let f = 22 - 16. Suppose -2*o + 18 = -4*u, 0 = 2*u + f + 2. What is the greatest common factor of o and 2?
1
Let h be (5/1 - 7) + 6 + 4. Calculate the highest common divisor of 2 and h.
2
Let g be (4/(-10))/((-3)/90). Suppose -66 = 8*h - 354. Calculate the greatest common factor of h and g.
12
Suppose -3*k + 4*l + 79 = 0, l + 67 = 5*k - 42. Suppose 0 = d - 8 - 76. Calculate the highest common divisor of k and d.
21
Suppose -11*f + 219 = -78. Let o(k) = k**3 + 9*k**2 - 2*k. Let p be o(-9). Calculate the greatest common factor of f and p.
9
Let f = 28 + -19. Let p be f/4 - 3/12. What is the highest common factor of p and 6?
2
Suppose 3*t - 2*z - 370 = 0, -3*t + 352 + 16 = -4*z. Suppose 0 = 5*y - 3*n - t, -3*y + 4*n - 2*n = -75. Calculate the highest common divisor of y and 69.
23
Suppose 4*j + 49 = -j + 3*s, -5*s = -2*j - 31. Let u be 205/20 + 2/j. Let a = -202 + 292. What is the highest common divisor of a and u?
10
Let w be 16/5*(-125)/(-2). What is the greatest common divisor of w and 10?
10
Suppose 111 = -v + 139. What is the greatest common divisor of v and 1708?
28
Suppose 379*f + 250 = 389*f. Calculate the greatest common factor of f and 100.
25
Let c = 44 - 19. Let v be c - 13 - (-1 + 3). Let i = 53 - 23. What is the highest common divisor of v and i?
10
Let w = 33 + -21. Let l be (8/(-8))/((-2)/8). Suppose 6*g + b - 13 = 3*g, 4*b = l. What is the greatest common divisor of w and g?
4
Suppose 12*o - 20*o + 72 = 0. Calculate the highest common factor of o and 369.
9
Let w(t) = -t**3 - 26*t**2 - 29*t - 70. Let m be w(-25). Suppose -63 = -2*k + 4*s - 11, 5*s = k - 38. What is the greatest common divisor of k and m?
6
Let f be (-2 - -329)/(14 - 13). Calculate the greatest common factor of f and 545.
109
Let a be (-2)/((2 + 2)/(-304)) + -2. Suppose 6*o = -4*o + a. Calculate the highest common divisor of 30 and o.
15
Let f be 0 - (-334)/8 - 3/(-12). Let i = 80 + -66. What is the highest common factor of i and f?
14
Let a = 555 + -468. What is the greatest common factor of 3 and a?
3
Suppose -2*s + 68 = -3*z + 6, -z - 29 = -s. What is the highest common divisor of 75 and s?
25
Let k be (-3)/6*0/1. Suppose k*p + 2*p - 684 = 0. Suppose 5*a - p = 133. Calculate the greatest common divisor of a and 38.
19
Let j be 3 - 550/(-45) - 24/108. What is the highest common divisor of 45 and j?
15
Suppose 2*h - 35 = -5*g, 3*g = -6*h + 2*h + 49. Let f = -11 + 21. What is the greatest common divisor of h and f?
10
Let g(k) = -212*k + 12. Let l be (-6)/(-3) - 9/3. Let m be g(l). What is the highest common divisor of 14 and m?
14
Let z = 576 + -384. What is the highest common factor of z and 3?
3
Suppose 0 = 5*x - 2*p + 81, 10 = -10*p + 5*p. Suppose -4*q = -u - 1, 0 = -5*u - 2*q + 5*q - 39. Let j = u - x. What is the greatest common divisor of 16 and j?
8
Let t = -63 + 167. Calculate the greatest common factor of 13 and t.
13
Suppose 20*h - 16*h = -3*n + 43, h - 3*n - 7 = 0. Let g be 0 - 6*